{"id":1092,"date":"2024-06-14T14:19:49","date_gmt":"2024-06-14T13:19:49","guid":{"rendered":"https:\/\/monnempride.de\/?post_type=tribe_events&#038;p=1092"},"modified":"2024-06-20T15:30:46","modified_gmt":"2024-06-20T14:30:46","slug":"holy-and-queer-pride-accessoires-basteln","status":"publish","type":"tribe_events","link":"https:\/\/monnempride.de\/en\/veranstaltung\/holy-and-queer-pride-accessoires-basteln\/","title":{"rendered":"\u201eholy and queer\u201c &#8211; Pride-Accessoires basteln"},"content":{"rendered":"<p>Wer am 13. Juli bei der Parade mitlaufen m\u00f6chte, kann am 9. Juli von 18 bis 20.30 Uhr in der Katholischen Hochschulgemeinde (D6, 15) zu \u201eholy and queer\u201c zusammenkommen. Nach einer Meditation werden bei k\u00fchlen Getr\u00e4nken sch\u00f6ne und passende Accessoires gebastelt. Den Abend gestaltet die Katholische Hochschulgemeinde (Kathrin Grein) gemeinsam mit Studio Herrlichkeit (Valentina Ingmanns, Nina Roller).<\/p>","protected":false},"excerpt":{"rendered":"<p>Wer am 13. Juli bei der Parade mitlaufen m\u00f6chte, kann am 9. Juli von 18 bis 20.30 Uhr in der Katholischen Hochschulgemeinde (D6, 15) zu \u201eholy and queer\u201c zusammenkommen. Nach [&hellip;]<\/p>","protected":false},"author":1,"featured_media":0,"template":"","meta":{"_eb_attr":"","site-sidebar-layout":"default","site-content-layout":"","ast-site-content-layout":"default","site-content-style":"default","site-sidebar-style":"default","ast-global-header-display":"","ast-banner-title-visibility":"","ast-main-header-display":"","ast-hfb-above-header-display":"","ast-hfb-below-header-display":"","ast-hfb-mobile-header-display":"","site-post-title":"","ast-breadcrumbs-content":"","ast-featured-img":"","footer-sml-layout":"","theme-transparent-header-meta":"default","adv-header-id-meta":"","stick-header-meta":"","header-above-stick-meta":"","header-main-stick-meta":"","header-below-stick-meta":"","astra-migrate-meta-layouts":"set","ast-page-background-enabled":"default","ast-page-background-meta":{"desktop":{"background-color":"var(--ast-global-color-4)","background-image":"","background-repeat":"repeat","background-position":"center center","background-size":"auto","background-attachment":"scroll","background-type":"","background-media":"","overlay-type":"","overlay-color":"","overlay-opacity":"","overlay-gradient":""},"tablet":{"background-color":"","background-image":"","background-repeat":"repeat","background-position":"center center","background-size":"auto","background-attachment":"scroll","background-type":"","background-media":"","overlay-type":"","overlay-color":"","overlay-opacity":"","overlay-gradient":""},"mobile":{"background-color":"","background-image":"","background-repeat":"repeat","background-position":"center center","background-size":"auto","background-attachment":"scroll","background-type":"","background-media":"","overlay-type":"","overlay-color":"","overlay-opacity":"","overlay-gradient":""}},"ast-content-background-meta":{"desktop":{"background-color":"var(--ast-global-color-5)","background-image":"","background-repeat":"repeat","background-position":"center center","background-size":"auto","background-attachment":"scroll","background-type":"","background-media":"","overlay-type":"","overlay-color":"","overlay-opacity":"","overlay-gradient":""},"tablet":{"background-color":"var(--ast-global-color-5)","background-image":"","background-repeat":"repeat","background-position":"center center","background-size":"auto","background-attachment":"scroll","background-type":"","background-media":"","overlay-type":"","overlay-color":"","overlay-opacity":"","overlay-gradient":""},"mobile":{"background-color":"var(--ast-global-color-5)","background-image":"","background-repeat":"repeat","background-position":"center center","background-size":"auto","background-attachment":"scroll","background-type":"","background-media":"","overlay-type":"","overlay-color":"","overlay-opacity":"","overlay-gradient":""}},"_tribe_events_status":"","_tribe_events_status_reason":"","footnotes":""},"tags":[],"tribe_events_cat":[],"class_list":["post-1092","tribe_events","type-tribe_events","status-publish","hentry"],"yoast_head":"<!-- This site is optimized with the Yoast SEO plugin v27.5 - https:\/\/yoast.com\/product\/yoast-seo-wordpress\/ -->\n<title>\u201eholy and queer\u201c - Pride-Accessoires basteln &#8211; Monnem Pride<\/title>\n<meta name=\"robots\" content=\"index, follow, max-snippet:-1, max-image-preview:large, max-video-preview:-1\" \/>\n<link rel=\"canonical\" href=\"https:\/\/monnempride.de\/en\/event\/holy-and-queer-pride-accessoires-basteln\/\" \/>\n<meta property=\"og:locale\" content=\"en_US\" \/>\n<meta property=\"og:type\" content=\"article\" \/>\n<meta property=\"og:title\" content=\"\u201eholy and queer\u201c - Pride-Accessoires basteln &#8211; Monnem Pride\" \/>\n<meta property=\"og:description\" content=\"Wer am 13. Juli bei der Parade mitlaufen m\u00f6chte, kann am 9. Juli von 18 bis 20.30 Uhr in der Katholischen Hochschulgemeinde (D6, 15) zu \u201eholy and queer\u201c zusammenkommen. Nach [&hellip;]\" \/>\n<meta property=\"og:url\" content=\"https:\/\/monnempride.de\/en\/event\/holy-and-queer-pride-accessoires-basteln\/\" \/>\n<meta property=\"og:site_name\" content=\"Monnem Pride\" \/>\n<meta property=\"article:modified_time\" content=\"2024-06-20T14:30:46+00:00\" \/>\n<meta name=\"twitter:card\" content=\"summary_large_image\" \/>\n<meta name=\"twitter:label1\" content=\"Est. reading time\" \/>\n\t<meta name=\"twitter:data1\" content=\"1 minute\" \/>\n<script type=\"application\/ld+json\" class=\"yoast-schema-graph\">{\"@context\":\"https:\\\/\\\/schema.org\",\"@graph\":[{\"@type\":\"WebPage\",\"@id\":\"https:\\\/\\\/monnempride.de\\\/event\\\/holy-and-queer-pride-accessoires-basteln\\\/\",\"url\":\"https:\\\/\\\/monnempride.de\\\/event\\\/holy-and-queer-pride-accessoires-basteln\\\/\",\"name\":\"\u201eholy and queer\u201c - Pride-Accessoires basteln &#8211; Monnem Pride\",\"isPartOf\":{\"@id\":\"https:\\\/\\\/monnempride.de\\\/#website\"},\"datePublished\":\"2024-06-14T13:19:49+00:00\",\"dateModified\":\"2024-06-20T14:30:46+00:00\",\"breadcrumb\":{\"@id\":\"https:\\\/\\\/monnempride.de\\\/event\\\/holy-and-queer-pride-accessoires-basteln\\\/#breadcrumb\"},\"inLanguage\":\"en-US\",\"potentialAction\":[{\"@type\":\"ReadAction\",\"target\":[\"https:\\\/\\\/monnempride.de\\\/event\\\/holy-and-queer-pride-accessoires-basteln\\\/\"]}]},{\"@type\":\"BreadcrumbList\",\"@id\":\"https:\\\/\\\/monnempride.de\\\/event\\\/holy-and-queer-pride-accessoires-basteln\\\/#breadcrumb\",\"itemListElement\":[{\"@type\":\"ListItem\",\"position\":1,\"name\":\"Startseite\",\"item\":\"https:\\\/\\\/monnempride.de\\\/\"},{\"@type\":\"ListItem\",\"position\":2,\"name\":\"Veranstaltungen\",\"item\":\"https:\\\/\\\/monnempride.de\\\/events\\\/\"},{\"@type\":\"ListItem\",\"position\":3,\"name\":\"\u201eholy and queer\u201c &#8211; Pride-Accessoires basteln\"}]},{\"@type\":\"WebSite\",\"@id\":\"https:\\\/\\\/monnempride.de\\\/#website\",\"url\":\"https:\\\/\\\/monnempride.de\\\/\",\"name\":\"Monnem Pride\",\"description\":\"zusammen eins \u2013 intersektional. antifaschistisch. queer.\",\"publisher\":{\"@id\":\"https:\\\/\\\/monnempride.de\\\/#organization\"},\"potentialAction\":[{\"@type\":\"SearchAction\",\"target\":{\"@type\":\"EntryPoint\",\"urlTemplate\":\"https:\\\/\\\/monnempride.de\\\/?s={search_term_string}\"},\"query-input\":{\"@type\":\"PropertyValueSpecification\",\"valueRequired\":true,\"valueName\":\"search_term_string\"}}],\"inLanguage\":\"en-US\"},{\"@type\":\"Organization\",\"@id\":\"https:\\\/\\\/monnempride.de\\\/#organization\",\"name\":\"Monnem Pride\",\"url\":\"https:\\\/\\\/monnempride.de\\\/\",\"logo\":{\"@type\":\"ImageObject\",\"inLanguage\":\"en-US\",\"@id\":\"https:\\\/\\\/monnempride.de\\\/#\\\/schema\\\/logo\\\/image\\\/\",\"url\":\"http:\\\/\\\/monnempride.de\\\/wp-content\\\/uploads\\\/2024\\\/01\\\/cropped-Element-1Logo-1.png\",\"contentUrl\":\"http:\\\/\\\/monnempride.de\\\/wp-content\\\/uploads\\\/2024\\\/01\\\/cropped-Element-1Logo-1.png\",\"width\":200,\"height\":114,\"caption\":\"Monnem Pride\"},\"image\":{\"@id\":\"https:\\\/\\\/monnempride.de\\\/#\\\/schema\\\/logo\\\/image\\\/\"}}]}<\/script>\n<!-- \/ Yoast SEO plugin. -->","yoast_head_json":{"title":"\u201eholy and queer\u201c - Pride-Accessoires basteln &#8211; Monnem Pride","robots":{"index":"index","follow":"follow","max-snippet":"max-snippet:-1","max-image-preview":"max-image-preview:large","max-video-preview":"max-video-preview:-1"},"canonical":"https:\/\/monnempride.de\/en\/event\/holy-and-queer-pride-accessoires-basteln\/","og_locale":"en_US","og_type":"article","og_title":"\u201eholy and queer\u201c - Pride-Accessoires basteln &#8211; Monnem Pride","og_description":"Wer am 13. Juli bei der Parade mitlaufen m\u00f6chte, kann am 9. Juli von 18 bis 20.30 Uhr in der Katholischen Hochschulgemeinde (D6, 15) zu \u201eholy and queer\u201c zusammenkommen. Nach [&hellip;]","og_url":"https:\/\/monnempride.de\/en\/event\/holy-and-queer-pride-accessoires-basteln\/","og_site_name":"Monnem Pride","article_modified_time":"2024-06-20T14:30:46+00:00","twitter_card":"summary_large_image","twitter_misc":{"Est. reading time":"1 minute"},"schema":{"@context":"https:\/\/schema.org","@graph":[{"@type":"WebPage","@id":"https:\/\/monnempride.de\/event\/holy-and-queer-pride-accessoires-basteln\/","url":"https:\/\/monnempride.de\/event\/holy-and-queer-pride-accessoires-basteln\/","name":"\u201eholy and queer\u201c - Pride-Accessoires basteln &#8211; Monnem Pride","isPartOf":{"@id":"https:\/\/monnempride.de\/#website"},"datePublished":"2024-06-14T13:19:49+00:00","dateModified":"2024-06-20T14:30:46+00:00","breadcrumb":{"@id":"https:\/\/monnempride.de\/event\/holy-and-queer-pride-accessoires-basteln\/#breadcrumb"},"inLanguage":"en-US","potentialAction":[{"@type":"ReadAction","target":["https:\/\/monnempride.de\/event\/holy-and-queer-pride-accessoires-basteln\/"]}]},{"@type":"BreadcrumbList","@id":"https:\/\/monnempride.de\/event\/holy-and-queer-pride-accessoires-basteln\/#breadcrumb","itemListElement":[{"@type":"ListItem","position":1,"name":"Startseite","item":"https:\/\/monnempride.de\/"},{"@type":"ListItem","position":2,"name":"Veranstaltungen","item":"https:\/\/monnempride.de\/events\/"},{"@type":"ListItem","position":3,"name":"\u201eholy and queer\u201c &#8211; Pride-Accessoires basteln"}]},{"@type":"WebSite","@id":"https:\/\/monnempride.de\/#website","url":"https:\/\/monnempride.de\/","name":"Monnem Pride","description":"zusammen eins \u2013 intersektional. antifaschistisch. queer.","publisher":{"@id":"https:\/\/monnempride.de\/#organization"},"potentialAction":[{"@type":"SearchAction","target":{"@type":"EntryPoint","urlTemplate":"https:\/\/monnempride.de\/?s={search_term_string}"},"query-input":{"@type":"PropertyValueSpecification","valueRequired":true,"valueName":"search_term_string"}}],"inLanguage":"en-US"},{"@type":"Organization","@id":"https:\/\/monnempride.de\/#organization","name":"Monnem Pride","url":"https:\/\/monnempride.de\/","logo":{"@type":"ImageObject","inLanguage":"en-US","@id":"https:\/\/monnempride.de\/#\/schema\/logo\/image\/","url":"http:\/\/monnempride.de\/wp-content\/uploads\/2024\/01\/cropped-Element-1Logo-1.png","contentUrl":"http:\/\/monnempride.de\/wp-content\/uploads\/2024\/01\/cropped-Element-1Logo-1.png","width":200,"height":114,"caption":"Monnem Pride"},"image":{"@id":"https:\/\/monnempride.de\/#\/schema\/logo\/image\/"}}]}},"_links":{"self":[{"href":"https:\/\/monnempride.de\/en\/wp-json\/wp\/v2\/tribe_events\/1092","targetHints":{"allow":["GET"]}}],"collection":[{"href":"https:\/\/monnempride.de\/en\/wp-json\/wp\/v2\/tribe_events"}],"about":[{"href":"https:\/\/monnempride.de\/en\/wp-json\/wp\/v2\/types\/tribe_events"}],"author":[{"embeddable":true,"href":"https:\/\/monnempride.de\/en\/wp-json\/wp\/v2\/users\/1"}],"version-history":[{"count":1,"href":"https:\/\/monnempride.de\/en\/wp-json\/wp\/v2\/tribe_events\/1092\/revisions"}],"predecessor-version":[{"id":1093,"href":"https:\/\/monnempride.de\/en\/wp-json\/wp\/v2\/tribe_events\/1092\/revisions\/1093"}],"wp:attachment":[{"href":"https:\/\/monnempride.de\/en\/wp-json\/wp\/v2\/media?parent=1092"}],"wp:term":[{"taxonomy":"post_tag","embeddable":true,"href":"https:\/\/monnempride.de\/en\/wp-json\/wp\/v2\/tags?post=1092"},{"taxonomy":"tribe_events_cat","embeddable":true,"href":"https:\/\/monnempride.de\/en\/wp-json\/wp\/v2\/tribe_events_cat?post=1092"}],"curies":[{"name":"wp","href":"https:\/\/api.w.org\/{rel}","templated":true}]}}

<p>Wer am 13. Juli bei der Parade mitlaufen möchte, kann am 9. Juli von 18 bis 20.30 Uhr in der Katholischen Hochschulgemeinde (D6, 15) zu „holy and queer“ zusammenkommen. Nach einer Meditation werden bei kühlen Getränken schöne und passende Accessoires gebastelt. Den Abend gestaltet die Katholische Hochschulgemeinde (Kathrin Grein) gemeinsam mit Studio Herrlichkeit (Valentina Ingmanns, Nina Roller).</p>

<p>Wer am 13. Juli bei der Parade mitlaufen möchte, kann am 9. Juli von 18 bis 20.30 Uhr in der Katholischen Hochschulgemeinde (D6, 15) zu „holy and queer“ zusammenkommen. Nach [&hellip;]</p>

<!-- This site is optimized with the Yoast SEO plugin v27.5 - https://yoast.com/product/yoast-seo-wordpress/ -->
<title>„holy and queer“ - Pride-Accessoires basteln &#8211; Monnem Pride</title>
<meta name="robots" content="index, follow, max-snippet:-1, max-image-preview:large, max-video-preview:-1" />
<link rel="canonical" href="https://monnempride.de/en/event/holy-and-queer-pride-accessoires-basteln/" />
<meta property="og:locale" content="en_US" />
<meta property="og:type" content="article" />
<meta property="og:title" content="„holy and queer“ - Pride-Accessoires basteln &#8211; Monnem Pride" />
<meta property="og:description" content="Wer am 13. Juli bei der Parade mitlaufen möchte, kann am 9. Juli von 18 bis 20.30 Uhr in der Katholischen Hochschulgemeinde (D6, 15) zu „holy and queer“ zusammenkommen. Nach [&hellip;]" />
<meta property="og:url" content="https://monnempride.de/en/event/holy-and-queer-pride-accessoires-basteln/" />
<meta property="og:site_name" content="Monnem Pride" />
<meta property="article:modified_time" content="2024-06-20T14:30:46+00:00" />
<meta name="twitter:card" content="summary_large_image" />
<meta name="twitter:label1" content="Est. reading time" />
	<meta name="twitter:data1" content="1 minute" />
<script type="application/ld+json" class="yoast-schema-graph">{"@context":"https:\/\/schema.org","@graph":[{"@type":"WebPage","@id":"https:\/\/monnempride.de\/event\/holy-and-queer-pride-accessoires-basteln\/","url":"https:\/\/monnempride.de\/event\/holy-and-queer-pride-accessoires-basteln\/","name":"„holy and queer“ - Pride-Accessoires basteln &#8211; Monnem Pride","isPartOf":{"@id":"https:\/\/monnempride.de\/#website"},"datePublished":"2024-06-14T13:19:49+00:00","dateModified":"2024-06-20T14:30:46+00:00","breadcrumb":{"@id":"https:\/\/monnempride.de\/event\/holy-and-queer-pride-accessoires-basteln\/#breadcrumb"},"inLanguage":"en-US","potentialAction":[{"@type":"ReadAction","target":["https:\/\/monnempride.de\/event\/holy-and-queer-pride-accessoires-basteln\/"]}]},{"@type":"BreadcrumbList","@id":"https:\/\/monnempride.de\/event\/holy-and-queer-pride-accessoires-basteln\/#breadcrumb","itemListElement":[{"@type":"ListItem","position":1,"name":"Startseite","item":"https:\/\/monnempride.de\/"},{"@type":"ListItem","position":2,"name":"Veranstaltungen","item":"https:\/\/monnempride.de\/events\/"},{"@type":"ListItem","position":3,"name":"„holy and queer“ &#8211; Pride-Accessoires basteln"}]},{"@type":"WebSite","@id":"https:\/\/monnempride.de\/#website","url":"https:\/\/monnempride.de\/","name":"Monnem Pride","description":"zusammen eins – intersektional. antifaschistisch. queer.","publisher":{"@id":"https:\/\/monnempride.de\/#organization"},"potentialAction":[{"@type":"SearchAction","target":{"@type":"EntryPoint","urlTemplate":"https:\/\/monnempride.de\/?s={search_term_string}"},"query-input":{"@type":"PropertyValueSpecification","valueRequired":true,"valueName":"search_term_string"}}],"inLanguage":"en-US"},{"@type":"Organization","@id":"https:\/\/monnempride.de\/#organization","name":"Monnem Pride","url":"https:\/\/monnempride.de\/","logo":{"@type":"ImageObject","inLanguage":"en-US","@id":"https:\/\/monnempride.de\/#\/schema\/logo\/image\/","url":"http:\/\/monnempride.de\/wp-content\/uploads\/2024\/01\/cropped-Element-1Logo-1.png","contentUrl":"http:\/\/monnempride.de\/wp-content\/uploads\/2024\/01\/cropped-Element-1Logo-1.png","width":200,"height":114,"caption":"Monnem Pride"},"image":{"@id":"https:\/\/monnempride.de\/#\/schema\/logo\/image\/"}}]}</script>
<!-- / Yoast SEO plugin. -->

Wer am 13. Juli bei der Parade mitlaufen möchte, kann am 9. Juli von 18 bis 20.30 Uhr in der Katholischen Hochschulgemeinde (D6, 15) zu „holy and queer“ zusammenkommen. Nach [&hellip;]
