{"id":3164,"date":"2025-06-18T23:20:54","date_gmt":"2025-06-18T22:20:54","guid":{"rendered":"https:\/\/monnempride.de\/?post_type=tribe_events&#038;p=3164"},"modified":"2025-06-18T23:23:50","modified_gmt":"2025-06-18T22:23:50","slug":"ruheoase-waehrend-der-parade-citykirche-konkordien-r2","status":"publish","type":"tribe_events","link":"https:\/\/monnempride.de\/en\/veranstaltung\/ruheoase-waehrend-der-parade-citykirche-konkordien-r2\/","title":{"rendered":"Ruheoase w\u00e4hrend der Parade @Citykirche Konkordien (R2)"},"content":{"rendered":"<p>Parallel zur Parade am 12. Juli \u00f6ffnen wir f\u00fcr alle Besucher*innen der Monnem Pride eine Ruhe-Oase an der Citykirche Konkordien in R2.<br \/>\nDort gibt es k\u00fchles Wasser, Toiletten, Schatten und Erholung. Gehostet wird der Ort von einem Team um Stephanie Harder (Insta: @queere.beratung.harder)<\/p>\n<p>Eine Aktion von &#8222;Queere Kirche &amp; Friends&#8220; Mit der Kampagne &#8222;Hass schadet der Seele. Liebe tut der Seele gut.&#8220; sind wir Teil der Monnem Pride.<br \/>\nWir sind Suchende, Glaubende, Queers, Allys und Churchys, G*ttesliebhaber*innen mit Kirchenzweifeln und Menschen mit anderen Religionen als der christlichen. Wir wollen was tun gegen Hass und Diskriminierung und wir glauben fest: Die Liebe die gr\u00f6\u00dfte!<\/p>","protected":false},"excerpt":{"rendered":"<p>Parallel zur Parade am 12. Juli \u00f6ffnen wir f\u00fcr alle Besucher*innen der Monnem Pride eine Ruhe-Oase an der Citykirche Konkordien in R2. Dort gibt es k\u00fchles Wasser, Toiletten, Schatten und [&hellip;]<\/p>","protected":false},"author":2,"featured_media":0,"template":"","meta":{"_eb_attr":"","site-sidebar-layout":"default","site-content-layout":"","ast-site-content-layout":"default","site-content-style":"default","site-sidebar-style":"default","ast-global-header-display":"","ast-banner-title-visibility":"","ast-main-header-display":"","ast-hfb-above-header-display":"","ast-hfb-below-header-display":"","ast-hfb-mobile-header-display":"","site-post-title":"","ast-breadcrumbs-content":"","ast-featured-img":"","footer-sml-layout":"","theme-transparent-header-meta":"default","adv-header-id-meta":"","stick-header-meta":"","header-above-stick-meta":"","header-main-stick-meta":"","header-below-stick-meta":"","astra-migrate-meta-layouts":"set","ast-page-background-enabled":"default","ast-page-background-meta":{"desktop":{"background-color":"var(--ast-global-color-4)","background-image":"","background-repeat":"repeat","background-position":"center center","background-size":"auto","background-attachment":"scroll","background-type":"","background-media":"","overlay-type":"","overlay-color":"","overlay-opacity":"","overlay-gradient":""},"tablet":{"background-color":"","background-image":"","background-repeat":"repeat","background-position":"center center","background-size":"auto","background-attachment":"scroll","background-type":"","background-media":"","overlay-type":"","overlay-color":"","overlay-opacity":"","overlay-gradient":""},"mobile":{"background-color":"","background-image":"","background-repeat":"repeat","background-position":"center center","background-size":"auto","background-attachment":"scroll","background-type":"","background-media":"","overlay-type":"","overlay-color":"","overlay-opacity":"","overlay-gradient":""}},"ast-content-background-meta":{"desktop":{"background-color":"var(--ast-global-color-5)","background-image":"","background-repeat":"repeat","background-position":"center center","background-size":"auto","background-attachment":"scroll","background-type":"","background-media":"","overlay-type":"","overlay-color":"","overlay-opacity":"","overlay-gradient":""},"tablet":{"background-color":"var(--ast-global-color-5)","background-image":"","background-repeat":"repeat","background-position":"center center","background-size":"auto","background-attachment":"scroll","background-type":"","background-media":"","overlay-type":"","overlay-color":"","overlay-opacity":"","overlay-gradient":""},"mobile":{"background-color":"var(--ast-global-color-5)","background-image":"","background-repeat":"repeat","background-position":"center center","background-size":"auto","background-attachment":"scroll","background-type":"","background-media":"","overlay-type":"","overlay-color":"","overlay-opacity":"","overlay-gradient":""}},"_tribe_events_status":"","_tribe_events_status_reason":"","footnotes":""},"tags":[],"tribe_events_cat":[],"class_list":["post-3164","tribe_events","type-tribe_events","status-publish","hentry"],"yoast_head":"<!-- This site is optimized with the Yoast SEO plugin v27.5 - https:\/\/yoast.com\/product\/yoast-seo-wordpress\/ -->\n<title>Ruheoase w\u00e4hrend der Parade @Citykirche Konkordien (R2) &#8211; Monnem Pride<\/title>\n<meta name=\"robots\" content=\"index, follow, max-snippet:-1, max-image-preview:large, max-video-preview:-1\" \/>\n<link rel=\"canonical\" href=\"https:\/\/monnempride.de\/en\/veranstaltung\/ruheoase-waehrend-der-parade-citykirche-konkordien-r2\/\" \/>\n<meta property=\"og:locale\" content=\"en_US\" \/>\n<meta property=\"og:type\" content=\"article\" \/>\n<meta property=\"og:title\" content=\"Ruheoase w\u00e4hrend der Parade @Citykirche Konkordien (R2) &#8211; Monnem Pride\" \/>\n<meta property=\"og:description\" content=\"Parallel zur Parade am 12. Juli \u00f6ffnen wir f\u00fcr alle Besucher*innen der Monnem Pride eine Ruhe-Oase an der Citykirche Konkordien in R2. Dort gibt es k\u00fchles Wasser, Toiletten, Schatten und [&hellip;]\" \/>\n<meta property=\"og:url\" content=\"https:\/\/monnempride.de\/en\/veranstaltung\/ruheoase-waehrend-der-parade-citykirche-konkordien-r2\/\" \/>\n<meta property=\"og:site_name\" content=\"Monnem Pride\" \/>\n<meta property=\"article:modified_time\" content=\"2025-06-18T22:23:50+00:00\" \/>\n<meta name=\"twitter:card\" content=\"summary_large_image\" \/>\n<meta name=\"twitter:label1\" content=\"Est. reading time\" \/>\n\t<meta name=\"twitter:data1\" content=\"1 minute\" \/>\n<script type=\"application\/ld+json\" class=\"yoast-schema-graph\">{\"@context\":\"https:\\\/\\\/schema.org\",\"@graph\":[{\"@type\":\"WebPage\",\"@id\":\"https:\\\/\\\/monnempride.de\\\/veranstaltung\\\/ruheoase-waehrend-der-parade-citykirche-konkordien-r2\\\/\",\"url\":\"https:\\\/\\\/monnempride.de\\\/veranstaltung\\\/ruheoase-waehrend-der-parade-citykirche-konkordien-r2\\\/\",\"name\":\"Ruheoase w\u00e4hrend der Parade @Citykirche Konkordien (R2) &#8211; Monnem Pride\",\"isPartOf\":{\"@id\":\"https:\\\/\\\/monnempride.de\\\/#website\"},\"datePublished\":\"2025-06-18T22:20:54+00:00\",\"dateModified\":\"2025-06-18T22:23:50+00:00\",\"breadcrumb\":{\"@id\":\"https:\\\/\\\/monnempride.de\\\/veranstaltung\\\/ruheoase-waehrend-der-parade-citykirche-konkordien-r2\\\/#breadcrumb\"},\"inLanguage\":\"en-US\",\"potentialAction\":[{\"@type\":\"ReadAction\",\"target\":[\"https:\\\/\\\/monnempride.de\\\/veranstaltung\\\/ruheoase-waehrend-der-parade-citykirche-konkordien-r2\\\/\"]}]},{\"@type\":\"BreadcrumbList\",\"@id\":\"https:\\\/\\\/monnempride.de\\\/veranstaltung\\\/ruheoase-waehrend-der-parade-citykirche-konkordien-r2\\\/#breadcrumb\",\"itemListElement\":[{\"@type\":\"ListItem\",\"position\":1,\"name\":\"Startseite\",\"item\":\"https:\\\/\\\/monnempride.de\\\/\"},{\"@type\":\"ListItem\",\"position\":2,\"name\":\"Veranstaltungen\",\"item\":\"https:\\\/\\\/monnempride.de\\\/events\\\/\"},{\"@type\":\"ListItem\",\"position\":3,\"name\":\"Ruheoase w\u00e4hrend der Parade @Citykirche Konkordien (R2)\"}]},{\"@type\":\"WebSite\",\"@id\":\"https:\\\/\\\/monnempride.de\\\/#website\",\"url\":\"https:\\\/\\\/monnempride.de\\\/\",\"name\":\"Monnem Pride\",\"description\":\"zusammen eins \u2013 intersektional. antifaschistisch. queer.\",\"publisher\":{\"@id\":\"https:\\\/\\\/monnempride.de\\\/#organization\"},\"potentialAction\":[{\"@type\":\"SearchAction\",\"target\":{\"@type\":\"EntryPoint\",\"urlTemplate\":\"https:\\\/\\\/monnempride.de\\\/?s={search_term_string}\"},\"query-input\":{\"@type\":\"PropertyValueSpecification\",\"valueRequired\":true,\"valueName\":\"search_term_string\"}}],\"inLanguage\":\"en-US\"},{\"@type\":\"Organization\",\"@id\":\"https:\\\/\\\/monnempride.de\\\/#organization\",\"name\":\"Monnem Pride\",\"url\":\"https:\\\/\\\/monnempride.de\\\/\",\"logo\":{\"@type\":\"ImageObject\",\"inLanguage\":\"en-US\",\"@id\":\"https:\\\/\\\/monnempride.de\\\/#\\\/schema\\\/logo\\\/image\\\/\",\"url\":\"http:\\\/\\\/monnempride.de\\\/wp-content\\\/uploads\\\/2024\\\/01\\\/cropped-Element-1Logo-1.png\",\"contentUrl\":\"http:\\\/\\\/monnempride.de\\\/wp-content\\\/uploads\\\/2024\\\/01\\\/cropped-Element-1Logo-1.png\",\"width\":200,\"height\":114,\"caption\":\"Monnem Pride\"},\"image\":{\"@id\":\"https:\\\/\\\/monnempride.de\\\/#\\\/schema\\\/logo\\\/image\\\/\"}}]}<\/script>\n<!-- \/ Yoast SEO plugin. -->","yoast_head_json":{"title":"Ruheoase w\u00e4hrend der Parade @Citykirche Konkordien (R2) &#8211; Monnem Pride","robots":{"index":"index","follow":"follow","max-snippet":"max-snippet:-1","max-image-preview":"max-image-preview:large","max-video-preview":"max-video-preview:-1"},"canonical":"https:\/\/monnempride.de\/en\/veranstaltung\/ruheoase-waehrend-der-parade-citykirche-konkordien-r2\/","og_locale":"en_US","og_type":"article","og_title":"Ruheoase w\u00e4hrend der Parade @Citykirche Konkordien (R2) &#8211; Monnem Pride","og_description":"Parallel zur Parade am 12. Juli \u00f6ffnen wir f\u00fcr alle Besucher*innen der Monnem Pride eine Ruhe-Oase an der Citykirche Konkordien in R2. Dort gibt es k\u00fchles Wasser, Toiletten, Schatten und [&hellip;]","og_url":"https:\/\/monnempride.de\/en\/veranstaltung\/ruheoase-waehrend-der-parade-citykirche-konkordien-r2\/","og_site_name":"Monnem Pride","article_modified_time":"2025-06-18T22:23:50+00:00","twitter_card":"summary_large_image","twitter_misc":{"Est. reading time":"1 minute"},"schema":{"@context":"https:\/\/schema.org","@graph":[{"@type":"WebPage","@id":"https:\/\/monnempride.de\/veranstaltung\/ruheoase-waehrend-der-parade-citykirche-konkordien-r2\/","url":"https:\/\/monnempride.de\/veranstaltung\/ruheoase-waehrend-der-parade-citykirche-konkordien-r2\/","name":"Ruheoase w\u00e4hrend der Parade @Citykirche Konkordien (R2) &#8211; Monnem Pride","isPartOf":{"@id":"https:\/\/monnempride.de\/#website"},"datePublished":"2025-06-18T22:20:54+00:00","dateModified":"2025-06-18T22:23:50+00:00","breadcrumb":{"@id":"https:\/\/monnempride.de\/veranstaltung\/ruheoase-waehrend-der-parade-citykirche-konkordien-r2\/#breadcrumb"},"inLanguage":"en-US","potentialAction":[{"@type":"ReadAction","target":["https:\/\/monnempride.de\/veranstaltung\/ruheoase-waehrend-der-parade-citykirche-konkordien-r2\/"]}]},{"@type":"BreadcrumbList","@id":"https:\/\/monnempride.de\/veranstaltung\/ruheoase-waehrend-der-parade-citykirche-konkordien-r2\/#breadcrumb","itemListElement":[{"@type":"ListItem","position":1,"name":"Startseite","item":"https:\/\/monnempride.de\/"},{"@type":"ListItem","position":2,"name":"Veranstaltungen","item":"https:\/\/monnempride.de\/events\/"},{"@type":"ListItem","position":3,"name":"Ruheoase w\u00e4hrend der Parade @Citykirche Konkordien (R2)"}]},{"@type":"WebSite","@id":"https:\/\/monnempride.de\/#website","url":"https:\/\/monnempride.de\/","name":"Monnem Pride","description":"zusammen eins \u2013 intersektional. antifaschistisch. queer.","publisher":{"@id":"https:\/\/monnempride.de\/#organization"},"potentialAction":[{"@type":"SearchAction","target":{"@type":"EntryPoint","urlTemplate":"https:\/\/monnempride.de\/?s={search_term_string}"},"query-input":{"@type":"PropertyValueSpecification","valueRequired":true,"valueName":"search_term_string"}}],"inLanguage":"en-US"},{"@type":"Organization","@id":"https:\/\/monnempride.de\/#organization","name":"Monnem Pride","url":"https:\/\/monnempride.de\/","logo":{"@type":"ImageObject","inLanguage":"en-US","@id":"https:\/\/monnempride.de\/#\/schema\/logo\/image\/","url":"http:\/\/monnempride.de\/wp-content\/uploads\/2024\/01\/cropped-Element-1Logo-1.png","contentUrl":"http:\/\/monnempride.de\/wp-content\/uploads\/2024\/01\/cropped-Element-1Logo-1.png","width":200,"height":114,"caption":"Monnem Pride"},"image":{"@id":"https:\/\/monnempride.de\/#\/schema\/logo\/image\/"}}]}},"_links":{"self":[{"href":"https:\/\/monnempride.de\/en\/wp-json\/wp\/v2\/tribe_events\/3164","targetHints":{"allow":["GET"]}}],"collection":[{"href":"https:\/\/monnempride.de\/en\/wp-json\/wp\/v2\/tribe_events"}],"about":[{"href":"https:\/\/monnempride.de\/en\/wp-json\/wp\/v2\/types\/tribe_events"}],"author":[{"embeddable":true,"href":"https:\/\/monnempride.de\/en\/wp-json\/wp\/v2\/users\/2"}],"version-history":[{"count":2,"href":"https:\/\/monnempride.de\/en\/wp-json\/wp\/v2\/tribe_events\/3164\/revisions"}],"predecessor-version":[{"id":3166,"href":"https:\/\/monnempride.de\/en\/wp-json\/wp\/v2\/tribe_events\/3164\/revisions\/3166"}],"wp:attachment":[{"href":"https:\/\/monnempride.de\/en\/wp-json\/wp\/v2\/media?parent=3164"}],"wp:term":[{"taxonomy":"post_tag","embeddable":true,"href":"https:\/\/monnempride.de\/en\/wp-json\/wp\/v2\/tags?post=3164"},{"taxonomy":"tribe_events_cat","embeddable":true,"href":"https:\/\/monnempride.de\/en\/wp-json\/wp\/v2\/tribe_events_cat?post=3164"}],"curies":[{"name":"wp","href":"https:\/\/api.w.org\/{rel}","templated":true}]}}

Ruheoase während der Parade @Citykirche Konkordien (R2)

<p>Parallel zur Parade am 12. Juli öffnen wir für alle Besucher*innen der Monnem Pride eine Ruhe-Oase an der Citykirche Konkordien in R2.<br />
Dort gibt es kühles Wasser, Toiletten, Schatten und Erholung. Gehostet wird der Ort von einem Team um Stephanie Harder (Insta: @queere.beratung.harder)</p>
<p>Eine Aktion von &#8222;Queere Kirche &amp; Friends&#8220; Mit der Kampagne &#8222;Hass schadet der Seele. Liebe tut der Seele gut.&#8220; sind wir Teil der Monnem Pride.<br />
Wir sind Suchende, Glaubende, Queers, Allys und Churchys, G*ttesliebhaber*innen mit Kirchenzweifeln und Menschen mit anderen Religionen als der christlichen. Wir wollen was tun gegen Hass und Diskriminierung und wir glauben fest: Die Liebe die größte!</p>

<p>Parallel zur Parade am 12. Juli öffnen wir für alle Besucher*innen der Monnem Pride eine Ruhe-Oase an der Citykirche Konkordien in R2. Dort gibt es kühles Wasser, Toiletten, Schatten und [&hellip;]</p>

<!-- This site is optimized with the Yoast SEO plugin v27.5 - https://yoast.com/product/yoast-seo-wordpress/ -->
<title>Ruheoase während der Parade @Citykirche Konkordien (R2) &#8211; Monnem Pride</title>
<meta name="robots" content="index, follow, max-snippet:-1, max-image-preview:large, max-video-preview:-1" />
<link rel="canonical" href="https://monnempride.de/en/veranstaltung/ruheoase-waehrend-der-parade-citykirche-konkordien-r2/" />
<meta property="og:locale" content="en_US" />
<meta property="og:type" content="article" />
<meta property="og:title" content="Ruheoase während der Parade @Citykirche Konkordien (R2) &#8211; Monnem Pride" />
<meta property="og:description" content="Parallel zur Parade am 12. Juli öffnen wir für alle Besucher*innen der Monnem Pride eine Ruhe-Oase an der Citykirche Konkordien in R2. Dort gibt es kühles Wasser, Toiletten, Schatten und [&hellip;]" />
<meta property="og:url" content="https://monnempride.de/en/veranstaltung/ruheoase-waehrend-der-parade-citykirche-konkordien-r2/" />
<meta property="og:site_name" content="Monnem Pride" />
<meta property="article:modified_time" content="2025-06-18T22:23:50+00:00" />
<meta name="twitter:card" content="summary_large_image" />
<meta name="twitter:label1" content="Est. reading time" />
	<meta name="twitter:data1" content="1 minute" />
<script type="application/ld+json" class="yoast-schema-graph">{"@context":"https:\/\/schema.org","@graph":[{"@type":"WebPage","@id":"https:\/\/monnempride.de\/veranstaltung\/ruheoase-waehrend-der-parade-citykirche-konkordien-r2\/","url":"https:\/\/monnempride.de\/veranstaltung\/ruheoase-waehrend-der-parade-citykirche-konkordien-r2\/","name":"Ruheoase während der Parade @Citykirche Konkordien (R2) &#8211; Monnem Pride","isPartOf":{"@id":"https:\/\/monnempride.de\/#website"},"datePublished":"2025-06-18T22:20:54+00:00","dateModified":"2025-06-18T22:23:50+00:00","breadcrumb":{"@id":"https:\/\/monnempride.de\/veranstaltung\/ruheoase-waehrend-der-parade-citykirche-konkordien-r2\/#breadcrumb"},"inLanguage":"en-US","potentialAction":[{"@type":"ReadAction","target":["https:\/\/monnempride.de\/veranstaltung\/ruheoase-waehrend-der-parade-citykirche-konkordien-r2\/"]}]},{"@type":"BreadcrumbList","@id":"https:\/\/monnempride.de\/veranstaltung\/ruheoase-waehrend-der-parade-citykirche-konkordien-r2\/#breadcrumb","itemListElement":[{"@type":"ListItem","position":1,"name":"Startseite","item":"https:\/\/monnempride.de\/"},{"@type":"ListItem","position":2,"name":"Veranstaltungen","item":"https:\/\/monnempride.de\/events\/"},{"@type":"ListItem","position":3,"name":"Ruheoase während der Parade @Citykirche Konkordien (R2)"}]},{"@type":"WebSite","@id":"https:\/\/monnempride.de\/#website","url":"https:\/\/monnempride.de\/","name":"Monnem Pride","description":"zusammen eins – intersektional. antifaschistisch. queer.","publisher":{"@id":"https:\/\/monnempride.de\/#organization"},"potentialAction":[{"@type":"SearchAction","target":{"@type":"EntryPoint","urlTemplate":"https:\/\/monnempride.de\/?s={search_term_string}"},"query-input":{"@type":"PropertyValueSpecification","valueRequired":true,"valueName":"search_term_string"}}],"inLanguage":"en-US"},{"@type":"Organization","@id":"https:\/\/monnempride.de\/#organization","name":"Monnem Pride","url":"https:\/\/monnempride.de\/","logo":{"@type":"ImageObject","inLanguage":"en-US","@id":"https:\/\/monnempride.de\/#\/schema\/logo\/image\/","url":"http:\/\/monnempride.de\/wp-content\/uploads\/2024\/01\/cropped-Element-1Logo-1.png","contentUrl":"http:\/\/monnempride.de\/wp-content\/uploads\/2024\/01\/cropped-Element-1Logo-1.png","width":200,"height":114,"caption":"Monnem Pride"},"image":{"@id":"https:\/\/monnempride.de\/#\/schema\/logo\/image\/"}}]}</script>
<!-- / Yoast SEO plugin. -->

Ruheoase während der Parade @Citykirche Konkordien (R2) &#8211; Monnem Pride

Parallel zur Parade am 12. Juli öffnen wir für alle Besucher*innen der Monnem Pride eine Ruhe-Oase an der Citykirche Konkordien in R2. Dort gibt es kühles Wasser, Toiletten, Schatten und [&hellip;]
