{"id":3311,"date":"2025-06-30T10:44:55","date_gmt":"2025-06-30T09:44:55","guid":{"rendered":"https:\/\/monnempride.de\/?post_type=tribe_events&#038;p=3311"},"modified":"2025-06-30T10:44:55","modified_gmt":"2025-06-30T09:44:55","slug":"offenes-infotreffen-zur-antifa-beteiligung-an-der-monnem-pride","status":"publish","type":"tribe_events","link":"https:\/\/monnempride.de\/en\/veranstaltung\/offenes-infotreffen-zur-antifa-beteiligung-an-der-monnem-pride\/","title":{"rendered":"Offenes Infotreffen zur Antifa-Beteiligung an der Monnem Pride"},"content":{"rendered":"<p>Im letzten wie auch in diesem Jahr werden CSDs und Prides immer wieder von rechten Akteur:innen bedroht und gest\u00f6rt. Wir wollen allen Personen, die sich dadurch verunsichert f\u00fchlen, eine M\u00f6glichkeit bieten, sich \u00fcber das Verhalten in Laufgruppen oder Demos sowie \u00fcber unsere Vorbereitungen zu informieren. Zusammen sind wir st\u00e4rker als die, die uns verunsichern wollen! Zeigt euch \u2014 an diesem Termin und auf der Monnem Pride!<\/p>","protected":false},"excerpt":{"rendered":"<p>Im letzten wie auch in diesem Jahr werden CSDs und Prides immer wieder von rechten Akteur:innen bedroht und gest\u00f6rt. Wir wollen allen Personen, die sich dadurch verunsichert f\u00fchlen, eine M\u00f6glichkeit [&hellip;]<\/p>","protected":false},"author":2,"featured_media":0,"template":"","meta":{"_eb_attr":"","site-sidebar-layout":"default","site-content-layout":"","ast-site-content-layout":"default","site-content-style":"default","site-sidebar-style":"default","ast-global-header-display":"","ast-banner-title-visibility":"","ast-main-header-display":"","ast-hfb-above-header-display":"","ast-hfb-below-header-display":"","ast-hfb-mobile-header-display":"","site-post-title":"","ast-breadcrumbs-content":"","ast-featured-img":"","footer-sml-layout":"","theme-transparent-header-meta":"default","adv-header-id-meta":"","stick-header-meta":"","header-above-stick-meta":"","header-main-stick-meta":"","header-below-stick-meta":"","astra-migrate-meta-layouts":"set","ast-page-background-enabled":"default","ast-page-background-meta":{"desktop":{"background-color":"var(--ast-global-color-4)","background-image":"","background-repeat":"repeat","background-position":"center center","background-size":"auto","background-attachment":"scroll","background-type":"","background-media":"","overlay-type":"","overlay-color":"","overlay-opacity":"","overlay-gradient":""},"tablet":{"background-color":"","background-image":"","background-repeat":"repeat","background-position":"center center","background-size":"auto","background-attachment":"scroll","background-type":"","background-media":"","overlay-type":"","overlay-color":"","overlay-opacity":"","overlay-gradient":""},"mobile":{"background-color":"","background-image":"","background-repeat":"repeat","background-position":"center center","background-size":"auto","background-attachment":"scroll","background-type":"","background-media":"","overlay-type":"","overlay-color":"","overlay-opacity":"","overlay-gradient":""}},"ast-content-background-meta":{"desktop":{"background-color":"var(--ast-global-color-5)","background-image":"","background-repeat":"repeat","background-position":"center center","background-size":"auto","background-attachment":"scroll","background-type":"","background-media":"","overlay-type":"","overlay-color":"","overlay-opacity":"","overlay-gradient":""},"tablet":{"background-color":"var(--ast-global-color-5)","background-image":"","background-repeat":"repeat","background-position":"center center","background-size":"auto","background-attachment":"scroll","background-type":"","background-media":"","overlay-type":"","overlay-color":"","overlay-opacity":"","overlay-gradient":""},"mobile":{"background-color":"var(--ast-global-color-5)","background-image":"","background-repeat":"repeat","background-position":"center center","background-size":"auto","background-attachment":"scroll","background-type":"","background-media":"","overlay-type":"","overlay-color":"","overlay-opacity":"","overlay-gradient":""}},"_tribe_events_status":"","_tribe_events_status_reason":"","footnotes":""},"tags":[],"tribe_events_cat":[],"class_list":["post-3311","tribe_events","type-tribe_events","status-publish","hentry"],"yoast_head":"<!-- This site is optimized with the Yoast SEO plugin v27.5 - https:\/\/yoast.com\/product\/yoast-seo-wordpress\/ -->\n<title>Offenes Infotreffen zur Antifa-Beteiligung an der Monnem Pride &#8211; Monnem Pride<\/title>\n<meta name=\"robots\" content=\"index, follow, max-snippet:-1, max-image-preview:large, max-video-preview:-1\" \/>\n<link rel=\"canonical\" href=\"https:\/\/monnempride.de\/en\/veranstaltung\/offenes-infotreffen-zur-antifa-beteiligung-an-der-monnem-pride\/\" \/>\n<meta property=\"og:locale\" content=\"en_US\" \/>\n<meta property=\"og:type\" content=\"article\" \/>\n<meta property=\"og:title\" content=\"Offenes Infotreffen zur Antifa-Beteiligung an der Monnem Pride &#8211; Monnem Pride\" \/>\n<meta property=\"og:description\" content=\"Im letzten wie auch in diesem Jahr werden CSDs und Prides immer wieder von rechten Akteur:innen bedroht und gest\u00f6rt. Wir wollen allen Personen, die sich dadurch verunsichert f\u00fchlen, eine M\u00f6glichkeit [&hellip;]\" \/>\n<meta property=\"og:url\" content=\"https:\/\/monnempride.de\/en\/veranstaltung\/offenes-infotreffen-zur-antifa-beteiligung-an-der-monnem-pride\/\" \/>\n<meta property=\"og:site_name\" content=\"Monnem Pride\" \/>\n<meta name=\"twitter:card\" content=\"summary_large_image\" \/>\n<meta name=\"twitter:label1\" content=\"Est. reading time\" \/>\n\t<meta name=\"twitter:data1\" content=\"1 minute\" \/>\n<script type=\"application\/ld+json\" class=\"yoast-schema-graph\">{\"@context\":\"https:\\\/\\\/schema.org\",\"@graph\":[{\"@type\":\"WebPage\",\"@id\":\"https:\\\/\\\/monnempride.de\\\/veranstaltung\\\/offenes-infotreffen-zur-antifa-beteiligung-an-der-monnem-pride\\\/\",\"url\":\"https:\\\/\\\/monnempride.de\\\/veranstaltung\\\/offenes-infotreffen-zur-antifa-beteiligung-an-der-monnem-pride\\\/\",\"name\":\"Offenes Infotreffen zur Antifa-Beteiligung an der Monnem Pride &#8211; Monnem Pride\",\"isPartOf\":{\"@id\":\"https:\\\/\\\/monnempride.de\\\/#website\"},\"datePublished\":\"2025-06-30T09:44:55+00:00\",\"breadcrumb\":{\"@id\":\"https:\\\/\\\/monnempride.de\\\/veranstaltung\\\/offenes-infotreffen-zur-antifa-beteiligung-an-der-monnem-pride\\\/#breadcrumb\"},\"inLanguage\":\"en-US\",\"potentialAction\":[{\"@type\":\"ReadAction\",\"target\":[\"https:\\\/\\\/monnempride.de\\\/veranstaltung\\\/offenes-infotreffen-zur-antifa-beteiligung-an-der-monnem-pride\\\/\"]}]},{\"@type\":\"BreadcrumbList\",\"@id\":\"https:\\\/\\\/monnempride.de\\\/veranstaltung\\\/offenes-infotreffen-zur-antifa-beteiligung-an-der-monnem-pride\\\/#breadcrumb\",\"itemListElement\":[{\"@type\":\"ListItem\",\"position\":1,\"name\":\"Startseite\",\"item\":\"https:\\\/\\\/monnempride.de\\\/\"},{\"@type\":\"ListItem\",\"position\":2,\"name\":\"Veranstaltungen\",\"item\":\"https:\\\/\\\/monnempride.de\\\/events\\\/\"},{\"@type\":\"ListItem\",\"position\":3,\"name\":\"Offenes Infotreffen zur Antifa-Beteiligung an der Monnem Pride\"}]},{\"@type\":\"WebSite\",\"@id\":\"https:\\\/\\\/monnempride.de\\\/#website\",\"url\":\"https:\\\/\\\/monnempride.de\\\/\",\"name\":\"Monnem Pride\",\"description\":\"zusammen eins \u2013 intersektional. antifaschistisch. queer.\",\"publisher\":{\"@id\":\"https:\\\/\\\/monnempride.de\\\/#organization\"},\"potentialAction\":[{\"@type\":\"SearchAction\",\"target\":{\"@type\":\"EntryPoint\",\"urlTemplate\":\"https:\\\/\\\/monnempride.de\\\/?s={search_term_string}\"},\"query-input\":{\"@type\":\"PropertyValueSpecification\",\"valueRequired\":true,\"valueName\":\"search_term_string\"}}],\"inLanguage\":\"en-US\"},{\"@type\":\"Organization\",\"@id\":\"https:\\\/\\\/monnempride.de\\\/#organization\",\"name\":\"Monnem Pride\",\"url\":\"https:\\\/\\\/monnempride.de\\\/\",\"logo\":{\"@type\":\"ImageObject\",\"inLanguage\":\"en-US\",\"@id\":\"https:\\\/\\\/monnempride.de\\\/#\\\/schema\\\/logo\\\/image\\\/\",\"url\":\"http:\\\/\\\/monnempride.de\\\/wp-content\\\/uploads\\\/2024\\\/01\\\/cropped-Element-1Logo-1.png\",\"contentUrl\":\"http:\\\/\\\/monnempride.de\\\/wp-content\\\/uploads\\\/2024\\\/01\\\/cropped-Element-1Logo-1.png\",\"width\":200,\"height\":114,\"caption\":\"Monnem Pride\"},\"image\":{\"@id\":\"https:\\\/\\\/monnempride.de\\\/#\\\/schema\\\/logo\\\/image\\\/\"}}]}<\/script>\n<!-- \/ Yoast SEO plugin. -->","yoast_head_json":{"title":"Offenes Infotreffen zur Antifa-Beteiligung an der Monnem Pride &#8211; Monnem Pride","robots":{"index":"index","follow":"follow","max-snippet":"max-snippet:-1","max-image-preview":"max-image-preview:large","max-video-preview":"max-video-preview:-1"},"canonical":"https:\/\/monnempride.de\/en\/veranstaltung\/offenes-infotreffen-zur-antifa-beteiligung-an-der-monnem-pride\/","og_locale":"en_US","og_type":"article","og_title":"Offenes Infotreffen zur Antifa-Beteiligung an der Monnem Pride &#8211; Monnem Pride","og_description":"Im letzten wie auch in diesem Jahr werden CSDs und Prides immer wieder von rechten Akteur:innen bedroht und gest\u00f6rt. Wir wollen allen Personen, die sich dadurch verunsichert f\u00fchlen, eine M\u00f6glichkeit [&hellip;]","og_url":"https:\/\/monnempride.de\/en\/veranstaltung\/offenes-infotreffen-zur-antifa-beteiligung-an-der-monnem-pride\/","og_site_name":"Monnem Pride","twitter_card":"summary_large_image","twitter_misc":{"Est. reading time":"1 minute"},"schema":{"@context":"https:\/\/schema.org","@graph":[{"@type":"WebPage","@id":"https:\/\/monnempride.de\/veranstaltung\/offenes-infotreffen-zur-antifa-beteiligung-an-der-monnem-pride\/","url":"https:\/\/monnempride.de\/veranstaltung\/offenes-infotreffen-zur-antifa-beteiligung-an-der-monnem-pride\/","name":"Offenes Infotreffen zur Antifa-Beteiligung an der Monnem Pride &#8211; Monnem Pride","isPartOf":{"@id":"https:\/\/monnempride.de\/#website"},"datePublished":"2025-06-30T09:44:55+00:00","breadcrumb":{"@id":"https:\/\/monnempride.de\/veranstaltung\/offenes-infotreffen-zur-antifa-beteiligung-an-der-monnem-pride\/#breadcrumb"},"inLanguage":"en-US","potentialAction":[{"@type":"ReadAction","target":["https:\/\/monnempride.de\/veranstaltung\/offenes-infotreffen-zur-antifa-beteiligung-an-der-monnem-pride\/"]}]},{"@type":"BreadcrumbList","@id":"https:\/\/monnempride.de\/veranstaltung\/offenes-infotreffen-zur-antifa-beteiligung-an-der-monnem-pride\/#breadcrumb","itemListElement":[{"@type":"ListItem","position":1,"name":"Startseite","item":"https:\/\/monnempride.de\/"},{"@type":"ListItem","position":2,"name":"Veranstaltungen","item":"https:\/\/monnempride.de\/events\/"},{"@type":"ListItem","position":3,"name":"Offenes Infotreffen zur Antifa-Beteiligung an der Monnem Pride"}]},{"@type":"WebSite","@id":"https:\/\/monnempride.de\/#website","url":"https:\/\/monnempride.de\/","name":"Monnem Pride","description":"zusammen eins \u2013 intersektional. antifaschistisch. queer.","publisher":{"@id":"https:\/\/monnempride.de\/#organization"},"potentialAction":[{"@type":"SearchAction","target":{"@type":"EntryPoint","urlTemplate":"https:\/\/monnempride.de\/?s={search_term_string}"},"query-input":{"@type":"PropertyValueSpecification","valueRequired":true,"valueName":"search_term_string"}}],"inLanguage":"en-US"},{"@type":"Organization","@id":"https:\/\/monnempride.de\/#organization","name":"Monnem Pride","url":"https:\/\/monnempride.de\/","logo":{"@type":"ImageObject","inLanguage":"en-US","@id":"https:\/\/monnempride.de\/#\/schema\/logo\/image\/","url":"http:\/\/monnempride.de\/wp-content\/uploads\/2024\/01\/cropped-Element-1Logo-1.png","contentUrl":"http:\/\/monnempride.de\/wp-content\/uploads\/2024\/01\/cropped-Element-1Logo-1.png","width":200,"height":114,"caption":"Monnem Pride"},"image":{"@id":"https:\/\/monnempride.de\/#\/schema\/logo\/image\/"}}]}},"_links":{"self":[{"href":"https:\/\/monnempride.de\/en\/wp-json\/wp\/v2\/tribe_events\/3311","targetHints":{"allow":["GET"]}}],"collection":[{"href":"https:\/\/monnempride.de\/en\/wp-json\/wp\/v2\/tribe_events"}],"about":[{"href":"https:\/\/monnempride.de\/en\/wp-json\/wp\/v2\/types\/tribe_events"}],"author":[{"embeddable":true,"href":"https:\/\/monnempride.de\/en\/wp-json\/wp\/v2\/users\/2"}],"version-history":[{"count":1,"href":"https:\/\/monnempride.de\/en\/wp-json\/wp\/v2\/tribe_events\/3311\/revisions"}],"predecessor-version":[{"id":3314,"href":"https:\/\/monnempride.de\/en\/wp-json\/wp\/v2\/tribe_events\/3311\/revisions\/3314"}],"wp:attachment":[{"href":"https:\/\/monnempride.de\/en\/wp-json\/wp\/v2\/media?parent=3311"}],"wp:term":[{"taxonomy":"post_tag","embeddable":true,"href":"https:\/\/monnempride.de\/en\/wp-json\/wp\/v2\/tags?post=3311"},{"taxonomy":"tribe_events_cat","embeddable":true,"href":"https:\/\/monnempride.de\/en\/wp-json\/wp\/v2\/tribe_events_cat?post=3311"}],"curies":[{"name":"wp","href":"https:\/\/api.w.org\/{rel}","templated":true}]}}

<p>Im letzten wie auch in diesem Jahr werden CSDs und Prides immer wieder von rechten Akteur:innen bedroht und gestört. Wir wollen allen Personen, die sich dadurch verunsichert fühlen, eine Möglichkeit bieten, sich über das Verhalten in Laufgruppen oder Demos sowie über unsere Vorbereitungen zu informieren. Zusammen sind wir stärker als die, die uns verunsichern wollen! Zeigt euch — an diesem Termin und auf der Monnem Pride!</p>

<p>Im letzten wie auch in diesem Jahr werden CSDs und Prides immer wieder von rechten Akteur:innen bedroht und gestört. Wir wollen allen Personen, die sich dadurch verunsichert fühlen, eine Möglichkeit [&hellip;]</p>

<!-- This site is optimized with the Yoast SEO plugin v27.5 - https://yoast.com/product/yoast-seo-wordpress/ -->
<title>Offenes Infotreffen zur Antifa-Beteiligung an der Monnem Pride &#8211; Monnem Pride</title>
<meta name="robots" content="index, follow, max-snippet:-1, max-image-preview:large, max-video-preview:-1" />
<link rel="canonical" href="https://monnempride.de/en/veranstaltung/offenes-infotreffen-zur-antifa-beteiligung-an-der-monnem-pride/" />
<meta property="og:locale" content="en_US" />
<meta property="og:type" content="article" />
<meta property="og:title" content="Offenes Infotreffen zur Antifa-Beteiligung an der Monnem Pride &#8211; Monnem Pride" />
<meta property="og:description" content="Im letzten wie auch in diesem Jahr werden CSDs und Prides immer wieder von rechten Akteur:innen bedroht und gestört. Wir wollen allen Personen, die sich dadurch verunsichert fühlen, eine Möglichkeit [&hellip;]" />
<meta property="og:url" content="https://monnempride.de/en/veranstaltung/offenes-infotreffen-zur-antifa-beteiligung-an-der-monnem-pride/" />
<meta property="og:site_name" content="Monnem Pride" />
<meta name="twitter:card" content="summary_large_image" />
<meta name="twitter:label1" content="Est. reading time" />
	<meta name="twitter:data1" content="1 minute" />
<script type="application/ld+json" class="yoast-schema-graph">{"@context":"https:\/\/schema.org","@graph":[{"@type":"WebPage","@id":"https:\/\/monnempride.de\/veranstaltung\/offenes-infotreffen-zur-antifa-beteiligung-an-der-monnem-pride\/","url":"https:\/\/monnempride.de\/veranstaltung\/offenes-infotreffen-zur-antifa-beteiligung-an-der-monnem-pride\/","name":"Offenes Infotreffen zur Antifa-Beteiligung an der Monnem Pride &#8211; Monnem Pride","isPartOf":{"@id":"https:\/\/monnempride.de\/#website"},"datePublished":"2025-06-30T09:44:55+00:00","breadcrumb":{"@id":"https:\/\/monnempride.de\/veranstaltung\/offenes-infotreffen-zur-antifa-beteiligung-an-der-monnem-pride\/#breadcrumb"},"inLanguage":"en-US","potentialAction":[{"@type":"ReadAction","target":["https:\/\/monnempride.de\/veranstaltung\/offenes-infotreffen-zur-antifa-beteiligung-an-der-monnem-pride\/"]}]},{"@type":"BreadcrumbList","@id":"https:\/\/monnempride.de\/veranstaltung\/offenes-infotreffen-zur-antifa-beteiligung-an-der-monnem-pride\/#breadcrumb","itemListElement":[{"@type":"ListItem","position":1,"name":"Startseite","item":"https:\/\/monnempride.de\/"},{"@type":"ListItem","position":2,"name":"Veranstaltungen","item":"https:\/\/monnempride.de\/events\/"},{"@type":"ListItem","position":3,"name":"Offenes Infotreffen zur Antifa-Beteiligung an der Monnem Pride"}]},{"@type":"WebSite","@id":"https:\/\/monnempride.de\/#website","url":"https:\/\/monnempride.de\/","name":"Monnem Pride","description":"zusammen eins – intersektional. antifaschistisch. queer.","publisher":{"@id":"https:\/\/monnempride.de\/#organization"},"potentialAction":[{"@type":"SearchAction","target":{"@type":"EntryPoint","urlTemplate":"https:\/\/monnempride.de\/?s={search_term_string}"},"query-input":{"@type":"PropertyValueSpecification","valueRequired":true,"valueName":"search_term_string"}}],"inLanguage":"en-US"},{"@type":"Organization","@id":"https:\/\/monnempride.de\/#organization","name":"Monnem Pride","url":"https:\/\/monnempride.de\/","logo":{"@type":"ImageObject","inLanguage":"en-US","@id":"https:\/\/monnempride.de\/#\/schema\/logo\/image\/","url":"http:\/\/monnempride.de\/wp-content\/uploads\/2024\/01\/cropped-Element-1Logo-1.png","contentUrl":"http:\/\/monnempride.de\/wp-content\/uploads\/2024\/01\/cropped-Element-1Logo-1.png","width":200,"height":114,"caption":"Monnem Pride"},"image":{"@id":"https:\/\/monnempride.de\/#\/schema\/logo\/image\/"}}]}</script>
<!-- / Yoast SEO plugin. -->

Im letzten wie auch in diesem Jahr werden CSDs und Prides immer wieder von rechten Akteur:innen bedroht und gestört. Wir wollen allen Personen, die sich dadurch verunsichert fühlen, eine Möglichkeit [&hellip;]
